{"id":1814,"date":"2023-04-11T17:53:01","date_gmt":"2023-04-11T16:53:01","guid":{"rendered":"https:\/\/ambabuja.esteri.it\/chi-siamo\/lambasciatore\/"},"modified":"2026-01-08T12:43:45","modified_gmt":"2026-01-08T11:43:45","slug":"lambasciatore","status":"publish","type":"page","link":"https:\/\/ambabuja.esteri.it\/fr\/chi-siamo\/lambasciatore\/","title":{"rendered":"L\u2019Ambassadeur"},"content":{"rendered":"<p><img loading=\"lazy\" decoding=\"async\" class=\"size-large wp-image-2682 img-fluid\" src=\"https:\/\/ambabuja.esteri.it\/wp-content\/uploads\/2025\/10\/Foto-CV-Roberto-Mengoni-1024x683.jpg\" alt=\"Roberto Mengoni, il nuovo Ambasciatore d'Italia designato in Nigeria con accreditamento in Benin e presso l\u2019ECOWAS, posa davanti a un colorato dipinto astratto\" width=\"640\" height=\"427\" srcset=\"https:\/\/ambabuja.esteri.it\/wp-content\/uploads\/2025\/10\/Foto-CV-Roberto-Mengoni-1024x683.jpg 1024w, https:\/\/ambabuja.esteri.it\/wp-content\/uploads\/2025\/10\/Foto-CV-Roberto-Mengoni-300x200.jpg 300w, https:\/\/ambabuja.esteri.it\/wp-content\/uploads\/2025\/10\/Foto-CV-Roberto-Mengoni-768x512.jpg 768w, https:\/\/ambabuja.esteri.it\/wp-content\/uploads\/2025\/10\/Foto-CV-Roberto-Mengoni.jpg 1920w\" sizes=\"auto, (max-width: 640px) 100vw, 640px\" \/><\/p>\n<p><strong>ROBERTO MENGONI<\/strong><\/p>\n<p>N\u00e9 \u00e0 Bucarest (Roumanie), le 29 mars 1968<\/p>\n<p>Dipl\u00f4me en sciences politiques \u00e0 l\u2019Universit\u00e9 de Florence, mars 1994<\/p>\n<p>Master en Relations internationales \u00e0 l\u2019Australian National University, Canberra, juillet 2008<\/p>\n<p>Mari\u00e9, p\u00e8re de trois enfants<\/p>\n<div><\/div>\n<p><strong>CARRI\u00c8RE DIPLOMATIQUE<\/strong><\/p>\n<ul>\n<li>D\u00e9cembre 1997 : entr\u00e9e dans la carri\u00e8re diplomatique. Fonctions aupr\u00e8s de la Direction g\u00e9n\u00e9rale du personnel et de l\u2019administration et de la Direction g\u00e9n\u00e9rale Asie-Oc\u00e9anie<\/li>\n<li>Septembre 2000 : Ambassade \u00e0 S\u00e9oul (Cor\u00e9e du Sud) \u2013 Deuxi\u00e8me secr\u00e9taire commercial puis Premier secr\u00e9taire commercial<\/li>\n<li>Septembre 2004 : Ambassade \u00e0 Canberra (Australie) \u2013 Premier secr\u00e9taire pour l\u2019\u00e9migration et les affaires sociales, puis Conseiller pour l\u2019\u00e9migration et les affaires sociales<\/li>\n<li>Septembre 2008 : \u00e0 Rome, aupr\u00e8s de la Direction g\u00e9n\u00e9rale des ressources humaines et de l\u2019organisation \u2013 Bureau I<\/li>\n<li>Octobre 2012 : Chef du Bureau VII (personnel sous contrat) aupr\u00e8s de la Direction g\u00e9n\u00e9rale des ressources et de l\u2019innovation<\/li>\n<li>Juin 2016 : Ambassadeur d\u2019Italie \u00e0 Dar es Salaam (Tanzanie) avec accr\u00e9ditation aux \u00celes Comores et aupr\u00e8s de la Communaut\u00e9 d\u2019Afrique de l\u2019Est<\/li>\n<li>Janvier 2021 : Coordinateur des accords et des politiques relatifs \u00e0 la mobilit\u00e9 internationale et aux flux migratoires r\u00e9guliers aupr\u00e8s de la Direction g\u00e9n\u00e9rale pour les Italiens \u00e0 l\u2019\u00e9tranger et les politiques migratoires<\/li>\n<li>Janvier 2024 : Chef du Bureau IV (politiques de coop\u00e9ration en Afrique) aupr\u00e8s de la Direction g\u00e9n\u00e9rale de la coop\u00e9ration au d\u00e9veloppement<\/li>\n<li>Octobre 2025 : Ambassadeur d\u2019Italie \u00e0 Abuja avec accr\u00e9ditation au B\u00e9nin et aupr\u00e8s de la CEDEAO<\/li>\n<\/ul>\n<div><\/div>\n<p><strong>DISTINCTIONS<\/strong><\/p>\n<p>Chevalier de l\u2019Ordre du M\u00e9rite de la R\u00e9publique, 2007<\/p>\n","protected":false},"excerpt":{"rendered":"ROBERTO MENGONI N\u00e9 \u00e0 Bucarest (Roumanie), le 29 mars 1968 Dipl\u00f4me en sciences politiques \u00e0 l\u2019Universit\u00e9 de Florence, mars 1994 Master en Relations internationales \u00e0 l\u2019Australian National University, Canberra, juillet 2008 Mari\u00e9, p\u00e8re de trois enfants CARRI\u00c8RE DIPLOMATIQUE D\u00e9cembre 1997 : entr\u00e9e dans la carri\u00e8re diplomatique. Fonctions aupr\u00e8s de la Direction g\u00e9n\u00e9rale du personnel et [&hellip;]","protected":false},"author":1,"featured_media":0,"parent":1796,"menu_order":0,"comment_status":"closed","ping_status":"closed","template":"","meta":{"footnotes":""},"class_list":["post-1814","page","type-page","status-publish","hentry"],"_links":{"self":[{"href":"https:\/\/ambabuja.esteri.it\/fr\/wp-json\/wp\/v2\/pages\/1814","targetHints":{"allow":["GET"]}}],"collection":[{"href":"https:\/\/ambabuja.esteri.it\/fr\/wp-json\/wp\/v2\/pages"}],"about":[{"href":"https:\/\/ambabuja.esteri.it\/fr\/wp-json\/wp\/v2\/types\/page"}],"author":[{"embeddable":true,"href":"https:\/\/ambabuja.esteri.it\/fr\/wp-json\/wp\/v2\/users\/1"}],"replies":[{"embeddable":true,"href":"https:\/\/ambabuja.esteri.it\/fr\/wp-json\/wp\/v2\/comments?post=1814"}],"version-history":[{"count":4,"href":"https:\/\/ambabuja.esteri.it\/fr\/wp-json\/wp\/v2\/pages\/1814\/revisions"}],"predecessor-version":[{"id":3563,"href":"https:\/\/ambabuja.esteri.it\/fr\/wp-json\/wp\/v2\/pages\/1814\/revisions\/3563"}],"up":[{"embeddable":true,"href":"https:\/\/ambabuja.esteri.it\/fr\/wp-json\/wp\/v2\/pages\/1796"}],"wp:attachment":[{"href":"https:\/\/ambabuja.esteri.it\/fr\/wp-json\/wp\/v2\/media?parent=1814"}],"curies":[{"name":"wp","href":"https:\/\/api.w.org\/{rel}","templated":true}]}}

<p><img loading="lazy" decoding="async" class="size-large wp-image-2682 img-fluid" src="https://ambabuja.esteri.it/wp-content/uploads/2025/10/Foto-CV-Roberto-Mengoni-1024x683.jpg" alt="Roberto Mengoni, il nuovo Ambasciatore d'Italia designato in Nigeria con accreditamento in Benin e presso l’ECOWAS, posa davanti a un colorato dipinto astratto" width="640" height="427" srcset="https://ambabuja.esteri.it/wp-content/uploads/2025/10/Foto-CV-Roberto-Mengoni-1024x683.jpg 1024w, https://ambabuja.esteri.it/wp-content/uploads/2025/10/Foto-CV-Roberto-Mengoni-300x200.jpg 300w, https://ambabuja.esteri.it/wp-content/uploads/2025/10/Foto-CV-Roberto-Mengoni-768x512.jpg 768w, https://ambabuja.esteri.it/wp-content/uploads/2025/10/Foto-CV-Roberto-Mengoni.jpg 1920w" sizes="auto, (max-width: 640px) 100vw, 640px" /></p>
<p><strong>ROBERTO MENGONI</strong></p>
<p>Né à Bucarest (Roumanie), le 29 mars 1968</p>
<p>Diplôme en sciences politiques à l’Université de Florence, mars 1994</p>
<p>Master en Relations internationales à l’Australian National University, Canberra, juillet 2008</p>
<p>Marié, père de trois enfants</p>
<div></div>
<p><strong>CARRIÈRE DIPLOMATIQUE</strong></p>
<ul>
<li>Décembre 1997 : entrée dans la carrière diplomatique. Fonctions auprès de la Direction générale du personnel et de l’administration et de la Direction générale Asie-Océanie</li>
<li>Septembre 2000 : Ambassade à Séoul (Corée du Sud) – Deuxième secrétaire commercial puis Premier secrétaire commercial</li>
<li>Septembre 2004 : Ambassade à Canberra (Australie) – Premier secrétaire pour l’émigration et les affaires sociales, puis Conseiller pour l’émigration et les affaires sociales</li>
<li>Septembre 2008 : à Rome, auprès de la Direction générale des ressources humaines et de l’organisation – Bureau I</li>
<li>Octobre 2012 : Chef du Bureau VII (personnel sous contrat) auprès de la Direction générale des ressources et de l’innovation</li>
<li>Juin 2016 : Ambassadeur d’Italie à Dar es Salaam (Tanzanie) avec accréditation aux Îles Comores et auprès de la Communauté d’Afrique de l’Est</li>
<li>Janvier 2021 : Coordinateur des accords et des politiques relatifs à la mobilité internationale et aux flux migratoires réguliers auprès de la Direction générale pour les Italiens à l’étranger et les politiques migratoires</li>
<li>Janvier 2024 : Chef du Bureau IV (politiques de coopération en Afrique) auprès de la Direction générale de la coopération au développement</li>
<li>Octobre 2025 : Ambassadeur d’Italie à Abuja avec accréditation au Bénin et auprès de la CEDEAO</li>
</ul>
<div></div>
<p><strong>DISTINCTIONS</strong></p>
<p>Chevalier de l’Ordre du Mérite de la République, 2007</p>

ROBERTO MENGONI Né à Bucarest (Roumanie), le 29 mars 1968 Diplôme en sciences politiques à l’Université de Florence, mars 1994 Master en Relations internationales à l’Australian National University, Canberra, juillet 2008 Marié, père de trois enfants CARRIÈRE DIPLOMATIQUE Décembre 1997 : entrée dans la carrière diplomatique. Fonctions auprès de la Direction générale du personnel et [&hellip;]
